 178 a factor of 159844?
True
Does 105 divide 573353?
False
Is 1471158 a multiple of 78?
True
Is 392 a factor of 856520?
True
Is 31850078 a multiple of 41?
False
Is 29 a factor of 3268424?
False
Does 136 divide 6599007?
False
Is 116 a factor of 757480?
True
Is 109427 a multiple of 22?
False
Does 14 divide 362264?
True
Does 3 divide 8890406?
False
Is 1363973 a multiple of 439?
True
Is 273104 a multiple of 185?
False
Is 45 a factor of 416953?
False
Is 53 a factor of 916516?
False
Is 1141076 a multiple of 74?
False
Does 499 divide 685626?
True
Does 108 divide 5679504?
True
Is 7768583 a multiple of 3?
False
Does 8 divide 2987938?
False
Is 240348 a multiple of 112?
False
Does 213 divide 718308?
False
Is 40020 a multiple of 473?
False
Does 1637 divide 9992248?
True
Does 576 divide 3348864?
True
Is 888870 a multiple of 14?
False
Does 32 divide 2088927?
False
Does 4 divide 530241?
False
Does 74 divide 303326?
True
Does 2 divide 180965?
False
Does 18 divide 469848?
False
Is 1236768 a multiple of 16?
True
Is 17 a factor of 44438?
True
Is 1023449 a multiple of 4?
False
Is 227480 a multiple of 47?
True
Is 1291556 a multiple of 16?
False
Is 135 a factor of 8824005?
True
Is 68280 a multiple of 120?
True
Is 1169428 a multiple of 1118?
True
Does 32 divide 56704?
True
Is 79200 a multiple of 44?
True
Is 152602 a multiple of 470?
False
Is 23728 a multiple of 13?
False
Is 8 a factor of 121269?
False
Is 176 a factor of 814528?
True
Is 3 a factor of 127323?
True
Does 89 divide 1881124?
False
Is 169 a factor of 140608?
True
Is 12 a factor of 82716?
True
Does 20 divide 49419?
False
Is 26 a factor of 460122?
True
Does 10 divide 140019?
False
Is 7811 a multiple of 207?
False
Does 1135 divide 6297641?
False
Is 36634 a multiple of 13?
True
Is 473200 a multiple of 4?
True
Is 173 a factor of 732828?
True
Is 23 a factor of 76843?
True
Does 18 divide 265634?
False
Does 20 divide 587260?
True
Is 7 a factor of 1504510?
True
Is 2677404 a multiple of 19?
True
Is 4063479 a multiple of 18?
False
Is 313248 a multiple of 52?
True
Is 236 a factor of 674960?
True
Is 186625 a multiple of 695?
False
Is 477516 a multiple of 78?
True
Does 201 divide 845476?
False
Does 100 divide 1045000?
True
Is 6457976 a multiple of 28?
True
Does 25 divide 489650?
True
Is 5184100 a multiple of 470?
True
Is 23667 a multiple of 69?
True
Is 131 a factor of 102049?
True
Is 47992 a multiple of 56?
True
Is 285025 a multiple of 4?
False
Is 101923 a multiple of 227?
True
Is 84612 a multiple of 66?
True
Is 74448 a multiple of 22?
True
Is 16 a factor of 40688?
True
Is 575 a factor of 417000?
False
Is 6176027 a multiple of 1242?
False
Is 1157598 a multiple of 39?
True
Is 181797 a multiple of 607?
False
Is 76 a factor of 296248?
True
Is 958183 a multiple of 24?
False
Is 33 a factor of 281160?
True
Is 55 a factor of 478134?
False
Does 12 divide 16574560?
False
Is 972640 a multiple of 8?
True
Is 51 a factor of 3700828?
False
Does 16 divide 7443136?
True
Does 57 divide 394286?
False
Does 62 divide 276681?
False
Is 1116635 a multiple of 533?
True
Is 184068 a multiple of 76?
False
Is 397394 a multiple of 4?
False
Does 624 divide 6506637?
False
Is 181470 a multiple of 115?
True
Is 63988 a multiple of 23?
False
Is 75 a factor of 2738025?
True
Does 42 divide 705054?
True
Is 671040 a multiple of 15?
True
Does 243 divide 104271?
False
Is 63 a factor of 667233?
True
Does 351 divide 108032?
False
Does 40 divide 1191300?
False
Does 27 divide 281097?
True
Is 8 a factor of 1066417?
False
Does 160 divide 11593518?
False
Is 2281347 a multiple of 963?
True
Does 88 divide 18735526?
False
Does 29 divide 2185005?
True
Does 85 divide 230010?
True
Is 3859372 a multiple of 18?
False
Is 14 a factor of 3452964?
False
Is 1633 even?
False
Is 52 a factor of 2908256?
True
Is 17 a factor of 6058156?
False
Is 7 a factor of 395718?
False
Is 462 a factor of 1285746?
True
Is 288575 a multiple of 3?
False
Is 10 a factor of 467030?
True
Is 15 a factor of 1828005?
True
Is 241258 a multiple of 71?
True
Is 1526627 a multiple of 85?
False
Is 89 a factor of 86775?
True
Is 97 a factor of 168004?
True
Is 991701 a multiple of 22?
False
Does 202 divide 5266746?
True
Is 14417930 a multiple of 10?
True
Is 590 a factor of 38142320?
True
Is 323 a factor of 63954?
True
Is 2 a factor of 10630?
True
Is 511 a factor of 317331?
True
Is 46 a factor of 995256?
True
Is 2 a factor of 730760?
True
Is 2959025 a multiple of 25?
True
Does 51 divide 725118?
True
Is 38 a factor of 5646946?
False
Is 4 a factor of 13432?
True
Is 359 a factor of 3747960?
True
Is 8 a factor of 384859?
False
Does 332 divide 8226296?
True
Is 27 a factor of 140292?
True
Does 893 divide 14980075?
True
Is 18 a factor of 262016?
False
Is 7623301 a multiple of 581?
True
Is 4182854 a multiple of 1098?
False
Does 96 divide 409248?
True
Is 1117469 a multiple of 3?
False
Is 35 a factor of 10565687?
False
Does 15 divide 351285?
True
Is 826103 a multiple of 925?
False
Is 568219 a multiple of 102?
False
Does 697 divide 4929184?
True
Is 5068875 a multiple of 22?
False
Does 96 divide 376416?
True
Is 377 a factor of 1092169?
True
Does 170 divide 965777?
False
Is 641251 a multiple of 4?
False
Is 8098 a multiple of 82?
False
Is 159113 a multiple of 63?
False
Is 2018212 a multiple of 28?
True
Does 18 divide 334422?
True
Does 131 divide 3040641?
True
Is 94 a factor of 59220?
True
Is 84715 a multiple of 161?
False
Is 67 a factor of 381088?
False
Is 1818648 a multiple of 377?
True
Does 35 divide 165270?
True
Does 32 divide 5883200?
True
Is 5947744 a multiple of 1108?
True
Does 110 divide 1641750?
True
Is 8265731 a multiple of 8?
False
Does 10 divide 411955?
False
Is 1354 a multiple of 3?
False
Does 73 divide 565750?
True
Does 12 divide 141732?
True
Is 33 a factor of 8743267?
False
Does 255 divide 998348?
False
Is 13701 a multiple of 13?
False
Is 9 a factor of 65007?
True
Is 252 a factor of 245196?
True
Is 58450 a multiple of 5?
True
Is 333906 a multiple of 38?
True
Does 315 divide 8911980?
True
Does 214 divide 747930?
True
Is 114 a factor of 3506754?
True
Is 8 a factor of 203281?
False
Is 196125 a multiple of 4?
False
Does 1069 divide 3241208?
True
Is 1060 a factor of 2617375?
False
Is 58336 a multiple of 263?
False
Is 180 a factor of 10398240?
True
Is 1111486 a multiple of 28?
False
Is 867388 a multiple of 113?
True
Does 47 divide 784524?
True
Does 10 divide 14151740?
True
Is 122808 a multiple of 28?
True
Is 42716 a multiple of 41?
False
Is 65 a factor of 110002?
False
Is 93555 a multiple of 189?
True
Does 9 divide 121274?
False
Is 1765344 a multiple of 14?
True
Is 63 a factor of 195867?
True
Is 25 a factor of 437650?
True
Is 1464448 a multiple of 34?
True
Is 22 a factor of 6818744?
False
Is 496584 a multiple of 171?
True
Is 173 a factor of 22663?
True
Is 1382073 a multiple of 294?
False
Is 1321226 a multiple of 185?
False
Is 88 a factor of 77844?
False
Is 48664 a multiple of 88?
True
Does 21 divide 16562889?
True
Is 40 a factor of 1454318?
False
Is 1858615 a multiple of 5?
True
Does 161 divide 46261?
False
Is 336600 a multiple of 12?
True
Is 16 a factor of 3488080?
True
Is 7254 a multiple of 18?
True
Is 98351 a multiple of 48?
False
Is 69474 a multiple of 9?
False
Is 42 a factor of 19831?
False
Is 3545552 a multiple of 8?
True
Is 755920 a multiple of 55?
True
Is 93 a factor of 5941012?
False
Does 510 divide 1518780?
True
Does 9 divide 3205440?
True
Is 58842 a multiple of 126?
True
Is 288243 a multiple of 9?
True
Does 26 divide 3931154?
False
Is 154 a factor of 135674?
True
Is 687234 a multiple of 5?
False
Is 162 a factor of 54756?
True
Is 11 a factor of 11077654?
False
Is 82907 a multiple of 79?
False
Is 6893831 a multiple of 82?
False
Is 138 a factor of 871299?
False
Does 186 divide 10231239?
False
Is 15260 a multiple of 7?
True
Is 108737 a multiple of 90?
False
Does 384 divide 1891584?
True
Does 9 divide 4961322?
True
Does 30 divide 375690?
True
Does 6 divide 573564?
True
Is 7 a factor of 1476931?
False
Is 107 a factor of 16003?
False
Is 578448 a multiple of 52?
True
Is 208008 a multiple of 243?
True
Does 42 divide 1460214?
True
Is 744 a factor of 3887400?
True
Is 1652552 a multiple of 844?
True
Is 960794 a multiple of 19?
False
Is 328 a factor of 15877?
False
Does 91 divide 117754?
True
Is 149 a factor of 4270638